Suppose 83 = 3*l + 2*t, -3*t = -4*l + 186 - v. List the prime factors of l.
31
Suppose l - 214 = 4*o + 1621, 0 = 3*l + o - 5479. What are the prime factors of l?
3, 7, 29
Suppose 2*v + 5*o + 36 = 14, v = -4*o - 11. Let b(s) = s + 13. Let p be b(v). What are the prime factors of p + -11*(1 - 3)?
2, 3
Suppose 4*w + 64 = -2*b, -3 = w + 2*b + 13. Let j be 4/(-14) + (-710)/(-35). Let d = w + j. What are the prime factors of d?
2
List the prime factors of (3900/315)/(2/(-6))*-7.
2, 5, 13
Let a = -596 - -948. List the prime factors of a.
2, 11
Let g(j) be the second derivative of 7/2*j**2 - 1/12*j**4 + 0 - 5*j - 7/6*j**3. What are the prime factors of g(-5)?
17
Let s = 16 + -13. Suppose 0 = -s*y - 5*y + 352. List the prime factors of y.
2, 11
Let i(o) = -5*o**2 - 14*o + 7. Let x(t) = 14*t**2 + 40*t - 20. Let f(g) = -17*i(g) - 6*x(g). Let s be (-1)/(0 + 1)*2. What are the prime factors of f(s)?
3
Suppose 0*p - 4*c + 367 = p, 0 = -5*p - 2*c + 1871. Suppose 3*w = q + 293, -5*w + 110 + p = -q. What are the prime factors of w?
2, 3
Let l be 120 - (-1 - (1 + 0)). Suppose -5*f - l = -r, 4*r - 3*f - 58 - 430 = 0. What are the prime factors of r?
2, 61
Suppose -18*r = -25*r + 14105. List the prime factors of r.
5, 13, 31
Let z be 4/((16/14)/(-4)). Let q = 18 + z. Suppose 4*c = -q*b + 8, 2*c = 6*b - b + 32. What are the prime factors of c?
2, 3
Let y(t) = t**2 - 2*t + 3. Let v be y(4). Let b = v + -7. Suppose -5*z + 48 + 1 = b*a, 2*a + 47 = 3*z. What are the prime factors of z?
13
Let y(t) = -t**3 + 4*t**2 + 7*t - 5. List the prime factors of y(3).
5
Let f = 8140 + -2340. List the prime factors of f.
2, 5, 29
Suppose 9*f - 3*f = -54. Let j = f - -56. What are the prime factors of j?
47
Let y = -1067 + 1349. List the prime factors of y.
2, 3, 47
Let p(w) = w**2 - 12*w + 27. Let h be p(9). Suppose 4*q + 4*i - 376 = h, 458 = q + 4*q + i. What are the prime factors of q?
7, 13
Let c = -7 + -2. Let d = c - -9. Suppose 3*v + d - 6 = 0. List the prime factors of v.
2
Let y(k) = -8*k - 5 - k**3 + 2 - 4*k**2 + 0*k**2. Let l = -2 - 3. What are the prime factors of y(l)?
2, 31
Let k(v) = -9*v + 17. Let d be k(-3). Suppose 3*i - 10 - d = 0. What are the prime factors of i?
2, 3
Let u = -39 - -18. What are the prime factors of 14/4*(-228)/u?
2, 19
Let q(p) = p**2 - 2*p - 3. Let h be q(-2). Let m = h - -5. Suppose 4*b + m = 126. List the prime factors of b.
29
Let b be ((-11)/((-132)/(-8)))/(2/(-3)). What are the prime factors of ((-6)/(-8))/(b/268)?
3, 67
Suppose 0 = -10*u + 11*u - 52. Suppose -p + 3*b = -39 - 15, -2*b = -p + u. List the prime factors of p.
2, 3
Suppose 7*i - 3*i = 0. Suppose 5*j + 7 + 3 = i, -4*t + 2*j + 172 = 0. Suppose t = 3*k + 6. List the prime factors of k.
2, 3
Suppose -2*n = 5*g - 14039, -52*g = -53*g - 5*n + 2817. List the prime factors of g.
7, 401
List the prime factors of ((-2)/2 + 320)/(24/72).
3, 11, 29
Let t(h) = -11*h - 2. Suppose 3*x + 0 = 4*d + 38, 5*x + 5*d - 40 = 0. Let u be (-4)/x*(-2 + 7). List the prime factors of t(u).
2, 5
Let c(p) = p**3 + 12*p**2 + 8*p - 8. Let w be c(-11). List the prime factors of (-10)/4*(-5)/w*54.
3
Let c(s) = -s**3 + 14*s**2 - 9*s + 14. Let l(o) = o**2 - 7*o. Let y be l(8). List the prime factors of c(y).
2, 163
Let x(z) = -z**2 - 89*z - 87. What are the prime factors of x(-42)?
3, 17, 37
Suppose -4*h + 19 - 7 = 0. Suppose 2*b - 4*a + h = -7, 5*a = 5*b. List the prime factors of b.
5
Suppose -2*j + 308 = 2*j. Suppose -4*q - j = -5*q. List the prime factors of q.
7, 11
Let m(z) = -19*z**2 - z + 20. Let u be m(-4). What are the prime factors of (36/(-24))/(6/u)?
2, 5, 7
Let q be 176/(-32)*(-13 + 1). Let x = 18 - q. Let g = 91 + x. What are the prime factors of g?
43
Let k(l) = l**3 + 8*l**2 - 10*l - 5. Suppose 2*p - c - 37 = 6*p, -3*p - 2*c = 29. Let n be k(p). Let w = n - -38. What are the prime factors of w?
2, 3, 7
Let o(b) = -b + 13. Let i be 2/(-3)*(-186)/(-4). Let m = 22 + i. What are the prime factors of o(m)?
2, 11
Suppose 3*c - c = -6. Let g be c - -1 - (5 - -2). Let s(u) = -u**2 - 13*u - 5. What are the prime factors of s(g)?
31
Let n(v) = -234*v + 17. What are the prime factors of n(-4)?
953
Suppose -3*p = -p + 3*y - 1, 4*p - 4*y + 8 = 0. Let h(k) = k**2 - 5*k - 12. Let w be h(7). What are the prime factors of (-4 + w)*(-16 - p)?
2, 3, 5
Suppose -116 = 2*i - 4*n - 356, -3*i = -4*n - 370. List the prime factors of i.
2, 5, 13
Suppose 0 = -6*y - 244 + 4792. List the prime factors of y.
2, 379
Suppose 5*r = 1384 - 39. List the prime factors of r.
269
Let t = 34 + -5. Let l = t - 33. What are the prime factors of 23 - 1*(l - -4)?
23
Suppose 52*b - 55*b + 13397 = -4*s, 5*b - s - 22300 = 0. List the prime factors of b.
7, 13
Suppose 9*c - 5*c = 1360. Suppose 0*m - 5*m = -c. Let o = -25 + m. What are the prime factors of o?
43
Let y be -3 + (-7)/((-7)/10). Suppose 11 = 2*v - u, 0 = -3*u - u - 12. Suppose v*c = y*c - 27. What are the prime factors of c?
3
List the prime factors of (-2 + 2 + -2)/2*-67.
67
Let g = 1619 + -840. List the prime factors of g.
19, 41
Let h = -39 - -84. Let u = h + -39. List the prime factors of u.
2, 3
Suppose 3*a = -5*g + 69, 3*g + 3*a - 21 = 2*g. List the prime factors of 462/g - (-2)/(-4).
2, 19
Suppose 5*m + 593 = 2*y + 134, -4*y + 954 = 2*m. List the prime factors of y.
3, 79
Suppose -13 = -8*k + 75. What are the prime factors of k?
11
Let w(p) = 2*p**2 - 3*p**2 + 13*p - 2*p + 0 - 4. Suppose 28 = -41*t + 45*t. What are the prime factors of w(t)?
2, 3
Let q = -396 + 871. List the prime factors of q.
5, 19
Let p(d) = d**2 + 25. Let w be p(0). Let q = w - 14. Suppose -2*b + 3*b = q. What are the prime factors of b?
11
Let l = -25 - -29. What are the prime factors of (-32)/l*2*-4?
2
Suppose 0 = -15*z + 858 + 3057. What are the prime factors of z?
3, 29
What are the prime factors of 1560/2 + (-7 + 31)/(-6)?
2, 97
Let n(c) = -377*c**3 + 2*c**2 - 2*c - 2. What are the prime factors of n(-1)?
379
Suppose -6 = 3*a - 18, 2*x + 5*a = 970. What are the prime factors of x?
5, 19
Suppose 2*v - 1462 = -3*i + 151, -v = -1. List the prime factors of i.
3, 179
Let y = 20 + -5. Let h = 20 - y. Suppose 0 = -5*k + h + 70. What are the prime factors of k?
3, 5
Suppose 0 = -j + 4*o + 2165, 0 = 2*j + 3*o - o - 4320. Suppose -j - 559 = -10*h. List the prime factors of h.
2, 17
Let t be (-3 + 9)*222/(-9). Let r = 372 + t. What are the prime factors of r?
2, 7
Suppose 0 = v - 2*y - 11, 2*v - 2*y + 3*y = 17. Let i(x) = 8*x**2 + v*x**3 + 6 - 2*x**3 - 5*x - 8*x**3. What are the prime factors of i(7)?
2, 5
Let a = 40 - 53. Let u(n) = -n**2 - 24*n + 3. Let c be u(a). Suppose -8*d + c = -182. What are the prime factors of d?
41
Suppose 0 = 3*d - 0 - 12, -20 = -i - 5*d. Suppose i = 6*c - 5*c - 55. What are the prime factors of c?
5, 11
Suppose -4*u = -i - 982, 0*u + 2*u = -3*i + 484. Suppose f + u = 8*f. List the prime factors of f.
5, 7
Let h(c) = c**3 + 4*c**2 + c - 3. Let b be h(-3). Suppose 4*f - b*f + n + 8 = 0, -2*n = -3*f - 19. Let j(d) = d + 15. What are the prime factors of j(f)?
2
Let t(h) = 3*h**2 - 6. Let p be t(-4). Suppose 57 = r - p. List the prime factors of r.
3, 11
Suppose -119 = -4*w + 661. What are the prime factors of w?
3, 5, 13
Suppose 2*t - 1046 = -u, 5*u = -t + 286 + 255. List the prime factors of t.
521
Let m(v) = v**2 + 7*v - 3. Let h be m(-6). Let s = h - -65. List the prime factors of s.
2, 7
Let j(i) be the third derivative of -i**6/120 - 2*i**5/15 + 5*i**3/6 - 2*i**2. Let c(q) = -3*q + 7. Let w be c(5). What are the prime factors of j(w)?
5
Let f(p) = 114*p**2 - 4*p + 2. Let q be f(2). Suppose -5*u + y - 2*y = -480, -5*u = -5*y - q. List the prime factors of u.
5, 19
Let p(i) = i**3 + 18*i**2 + 36*i + 30. List the prime factors of p(-15).
3, 5, 11
Let t(m) = m**3 - 7*m**2 - 7*m. Let q be t(9). What are the prime factors of (6/9)/(3/q)?
2, 11
Suppose -q - 2*g + 4 = 7, 2*q = -g. What are the prime factors of q + -5 - (-44 + -21)?
61
What are the prime factors of (-5 + (-65)/(-10))*(-5098)/(-3)?
2549
Let i(o) = o + 3. Let c be i(0). Suppose 2*v = c - 1. Suppose -g = 5*u - 13 - 0, u = -v. What are the prime factors of g?
2, 3
Let y(w) = -101*w + 114. List the prime factors of y(-7).
821
List the prime factors of (-1 + (-2 - -1))/(4/(-466)).
233
Suppose 6 = -3*t, 2*q + 4*t = 234